Determine c(-3).
-33
Let u(k) = k**3 + 8*k**2 - 10*k - 29. What is u(-7)?
90
Let h(y) = y**2 - 44*y - 81. Give h(47).
60
Let f(d) = 266*d + 3503. Give f(-13).
45
Let y(i) = 5*i**3 - 10*i**2 - 7*i + 4. Determine y(-1).
-4
Let m(o) = o**3 + 11*o**2 + 55*o + 122. What is m(-5)?
-3
Let j(b) = -14*b + 32. What is j(-5)?
102
Let j(l) = -l**3 - 16*l**2 + 103*l - 35. Determine j(-21).
7
Let v(h) = -3*h**3 - 13*h**2 - h - 19. Determine v(-3).
-52
Let d(q) = -36*q**2 - 13*q. Give d(3).
-363
Let j(g) = 481*g + 9634. Determine j(-20).
14
Let r(h) = 369*h + 122133. Determine r(-331).
-6
Let a(g) = -167*g + 3157. Give a(19).
-16
Let n(k) = -k**3 - 20*k**2 + 6*k - 10. Determine n(-20).
-130
Let r(x) = -384*x + 5419. Give r(14).
43
Let h(r) = r**3 - 2*r**2 - 13*r + 21. Give h(3).
-9
Let x(h) = h**2 - 16*h - 29. Give x(19).
28
Let f(j) = -2*j**2 - 22*j + 43. What is f(-7)?
99
Let i(o) = 3*o**3 - 411*o**2 - 415*o + 131. Calculate i(138).
-7
Let z(q) = -q**3 + 9*q**2 + 50*q + 28. Give z(13).
2
Let d(i) = -3*i**2 + 40*i - 70. Calculate d(12).
-22
Let v(b) = -b**2 + 6*b + 37. Calculate v(12).
-35
Let i(d) = -14*d**2 - 3243*d - 2081. Calculate i(-231).
-2
Let u(a) = a**3 + 30*a**2 + 223*a - 39. Determine u(-14).
-25
Let x(r) = 85*r + 2041. What is x(-13)?
936
Let v(z) = -z**2 + 10*z + 1627. Give v(-36).
-29
Let o(a) = 13*a - 381. Determine o(30).
9
Let y(n) = 1042*n - 3136. What is y(3)?
-10
Let l(d) = -366*d - 2162. Calculate l(-6).
34
Let y(u) = -u**3 + 14*u**2 - 14*u + 12. Calculate y(13).
-1
Let v(l) = l**2 - 13*l - 300. Give v(32).
308
Let p(d) = d + 46. Calculate p(4).
50
Let h(q) = 86*q**3 - 2*q**2 + 101*q - 100. Give h(1).
85
Let g(q) = q**2 - 175*q + 6404. Give g(123).
8
Let g(o) = -2*o**3 + 595*o**2 + 296*o + 596. Give g(298).
0
Let r(s) = -12656*s - 88576. Give r(-7).
16
Let z(i) = i**3 - 32*i**2 + 39*i - 258. What is z(31)?
-10
Let d(c) = -45*c - 188. Calculate d(-3).
-53
Let c(w) = -140*w - 286. Determine c(-2).
-6
Let z(p) = -579*p**2 + 2318*p - 21. Calculate z(4).
-13
Let c(b) = -2*b**3 + 42*b**2 + 40*b + 86. Determine c(22).
-2
Let g(a) = -a**2 - 64*a - 1035. Give g(-33).
-12
Let p(g) = -4577*g - 59496. Calculate p(-13).
5
Let q(z) = z**2 - 63*z + 852. Give q(42).
-30
Let p(s) = 16*s + 128. Calculate p(9).
272
Let r(n) = 2*n**3 - 13*n**2 + 42*n - 322. Determine r(7).
21
Let n(x) = 12*x**2 - 2*x + 2. Give n(-2).
54
Let s(r) = -r**3 + 29*r**2 - 200*r + 4813. Calculate s(28).
-3
Let x(q) = 3*q**2 + 42*q - 19. Determine x(-10).
-139
Let f(b) = b**2 + 28*b - 250. What is f(15)?
395
Let f(d) = -2*d**3 - 21*d**2 + 42*d + 13. Determine f(-12).
-59
Let h(m) = -2*m**2 + 388*m - 6. Give h(0).
-6
Let a(l) = -l**2 - 191*l - 4011. Determine a(-24).
-3
Let j(p) = -32*p**2 + 186*p - 12. Calculate j(6).
-48
Let j(o) = -11*o + 298. Calculate j(-6).
364
Let x(p) = -p**2 - 1092*p + 6584. Determine x(6).
-4
Let l(h) = -65*h - 75. Determine l(-6).
315
Let n(w) = -40*w - 55. Determine n(-11).
385
Let n(s) = -40*s - 481. Determine n(-11).
-41
Let w(s) = -33*s**2 - 332*s - 21. Give w(-10).
-1
Let m(j) = -2*j**3 + 30*j**2 + 3*j - 33. Calculate m(15).
12
Let c(i) = -2*i**2 - 284*i - 566. Give c(-140).
-6
Let r(m) = -3*m**3 - 8*m**2 + 124*m + 250. Determine r(-2).
-6
Let x(q) = 62*q + 1301. Give x(-21).
-1
Let r(o) = 56*o - 1784. What is r(32)?
8
Let m(l) = -311*l - 935. What is m(-3)?
-2
Let z(x) = -x**3 - 37*x**2 - 49*x - 1818. Determine z(-37).
-5
Let j(y) = -4*y**3 + 105*y**2 - 22*y - 264. Calculate j(26).
-160
Let s(b) = -117*b + 1410. Determine s(12).
6
Let m(w) = -w**3 - 21*w**2 - 32*w - 9. Determine m(-19).
-123
Let g(v) = 40*v + 2046. Determine g(-54).
-114
Let t(i) = -1717*i - 10306. Determine t(-6).
-4
Let l(f) = f**3 + 9*f**2 - 175*f - 1457. What is l(-8)?
7
Let w(q) = q**3 + 16*q**2 + 20*q + 95. What is w(-15)?
20
Let t(b) = 21*b + 2070. What is t(-99)?
-9
Let b(j) = 87*j - 10265. What is b(118)?
1
Let f(l) = -l**2 + 66*l - 252. What is f(62)?
-4
Let r(a) = -23*a**3 + 63*a**2 - 128*a + 7. Determine r(2).
-181
Let d(f) = -835*f - 201242. Give d(-241).
-7
Let k(q) = -56*q**2 + 1058*q - 1059. Determine k(1).
-57
Let q(v) = -v**3 - 3*v**2 + v - 201. Calculate q(0).
-201
Let u(s) = -2*s**3 + 35*s**2 - 6*s + 423. Determine u(18).
-9
Let y(d) = -34*d - 433. Determine y(-11).
-59
Let f(i) = -i**3 + 26*i**2 - 72*i + 37. Calculate f(23).
-32
Let l(z) = z**3 + 144*z**2 + 551*z - 1247. Calculate l(-140).
13
Let x(v) = 2*v**2 - 56*v - 1056. What is x(41)?
10
Let q(w) = 225*w - 1779. Determine q(8).
21
Let c(f) = f**3 - 40*f**2 + 113*f - 81. Determine c(37).
-7
Let h(a) = 218*a - 573. Determine h(3).
81
Let y(j) = 984*j - 12807. What is y(13)?
-15
Let c(t) = -57*t - 285. Give c(-6).
57
Let h(s) = -41*s**2 - 205*s + 6. What is h(-5)?
6
Let a(p) = p**3 + 10*p**2 - 3*p - 94. What is a(-9)?
14
Let z(j) = -2*j**2 + 18*j + 5. What is z(-5)?
-135
Let p(s) = s**3 + 12*s**2 - 20*s + 107. Calculate p(-14).
-5
Let v(u) = -38*u + 742. What is v(19)?
20
Let s(d) = -3*d**3 + 7*d**2 + 40*d + 6. Give s(0).
6
Let w(n) = -343*n + 2737. Determine w(8).
-7
Let f(l) = -403*l + 5550. What is f(14)?
-92
Let s(y) = -19*y**2 + 360*y + 25. Determine s(19).
6
Let t(l) = -l**2 - 56*l + 2270. Determine t(-83).
29
Let m(v) = v**3 + 194*v**2 - 192*v + 690. Give m(-195).
105
Let b(q) = -q + 5. Calculate b(18).
-13
Let m(l) = 20900*l - 125403. Determine m(6).
-3
Let k(u) = 123*u + 17. Determine k(0).
17
Let w(n) = 2*n**3 - 53*n**2 - 90*n - 13. Determine w(28).
-181
Let y(w) = -w**3 + 10*w**2 - 17*w + 3. What is y(8)?
-5
Let n(f) = 223*f - 2910. Determine n(13).
-11
Let l(b) = 2*b**3 + 16*b**2 + 23*b - 26. What is l(-6)?
-20
Let w(v) = 8*v**2 + 114*v - 14. Give w(-14).
-42
Let y(d) = d**2 - 47*d + 539. Calculate y(21).
-7
Let t(z) = 2*z**3 - 3*z**2 - 11*z + 30. What is t(2)?
12
Let q(x) = -16*x - 108. Determine q(-8).
20
Let c(w) = -15*w**2 - 631*w - 112. Calculate c(-42).
-70
Let o(m) = m**2 + 1185*m + 15249. Give o(-13).
13
Let i(k) = -7*k + 191. Calculate i(28).
-5
Let u(j) = -2*j**3 - 98*j**2 + 24. What is u(0)?
24
Let s(b) = -86*b + 209. What is s(12)?
-823
Let x(g) = g**3 - 29*g**2 + 63*g - 10. Determine x(26).
-400
Let o(z) = 6*z**3 + 3*z**2 + 10*z + 24. What is o(-4)?
-352
Let z(l) = -3*l**3 - 2*l**2 - 3*l + 29. Give z(5).
-411
Let x(l) = -6*l**2 - 65*l + 8. Determine x(-11).
-3
Let m(f) = 716*f + 29. Calculate m(0).
29
Let u(q) = q**2 + 137*q + 4043. Determine u(-94).
1
Let k(n) = 56*n**2 - 42*n + 42. What is k(1)?
56
Let f(g) = 13*g - 342. Calculate f(7).
-251
Let w(f) = -6152*f - 67677. Calculate w(-11).
-5
Let j(z) = z**2 + 1934*z + 1932. Give j(-1).
-1
Let k(r) = 371*r + 534. What is k(-2)?
-208
Let v(y) = -41*y**2 + 9*y + 16. Calculate v(-2).
-166
Let d(u) = u**2 - 64*u - 62. What is d(-1)?
3
Let o(v) = 2*v**3 - 6*v**2 + 18*v - 7. Determine o(5).
183
Let t(w) = -214*w**3 - 2*w**2 + 2. Calculate t(1).
-214
Let a(k) = 2*k**3 - 274*k**2 + 280*k - 1113. Give a(136).
-25
Let u(n) = -n**3 - 55*n**2 - 248*n + 126. What is u(-50)?
26
Let a(f) = 3*f**3 + f**2 + 15*f - 41. What is a(0)?
-41
Let x(c) = 19*c + 1. Determine x(-2).
-37
Let n(b) = -b**3 + 10*b**2 - 63*b + 399. What is n(9)?
-87
Let i(v) = -6*v - 34. Calculate i(3).
-52
Let r(h) = 21*h**3 - 2*h**2 + 3*h + 7. What is r(-2)?
-175
Let q(u) = 2*u**3 + 16*u**2 - 38*u - 27. Give q(3).
57
Let x(r) = r**3 + 111*r**2 - 583*r - 338. Determine x(-116).
10
Let t(u) = -200*u + 2801. What is t(14)?
1
Let u(g) = -g**3 + 27*g**2 + 20*g + 195. Give u(28).
-29
Let z(g) = -3*g**2 + 204*g + 3160. Give z(-13).
1
Let m(h) = -47*h - 1073. Calculate m(-22).
-39
Let n(h) = 3096*h - 3068. Determine n(1).
28
Let i(o) = -2*o**2 + 130*o + 262. Give i(67).
-6
Let g(s) = -544*s + 22850. Give g(42).
2
Let t(h) = -h**3 + 16*h**2 + 5*h - 214. Give t(15).
86
Let j(c) = c**3 + 36*c**2 - 36*c + 80. Calculate j(-37).
43
Let z(m) = 3*m**3 + 22*m**2 + 4*m - 19. Calculate z(-7).
2
Let q(f) = 48*f**2 + 1680*f. What is q(-35)?
0
Let w(f) = -2*f**3 + 164*f**2 - 11*f + 896. Calculate w(82).
-6
Let j(q) = -q**2 + 81*q + 22864. Determine j(197).
12
Let a(s) = 3*s**2 + 260*s - 890. Determine a(-90).
10
Let t(g) = g**3 - 3*g**2 - 3*g - 6. Calculate t(7).
169
Let z(c) = 659*c + 30311. Give z(-46).
-3
Let t(v) = 153*v - 7658. What is t(50)?
-8
Let k(f) = 8*f**2 + 61*f - 8. Determine k(-8).
1